).
-16
Calculate -10 + 31 + -2 + 10 + (-10 - -4).
23
Evaluate -88 + 14 + 65 + (-3 - 1 - -1).
-12
What is the value of -27 + (26 - (-17 + 33))?
-17
Evaluate -119 - -65 - -53 - (-2 + 1 - 25).
25
What is 24 + -12 + (1 - (10 - 26))?
29
Evaluate -9 + 1 - (-110 + 115).
-13
Calculate 19 + (2 + 1 + -5 - -9 - 0).
26
What is 0 - -4 - (-32 + -5 - -30)?
11
What is (-16 - -5) + -2 + 10?
-3
-9 + (-15 - -18) - -3
-3
What is -7 + -8 + 17 - 8?
-6
Calculate (18 + -6 - -6) + -8 - (0 + -1).
11
(-9 - -18) + -8 + -14
-13
Calculate -26 - 2 - (-28 + (-11 - -29)).
-18
Calculate 0 - ((-223 - -206) + 1 + 24).
-8
Calculate 8 + (1 - (-1 + 4 - -7)) + 8.
7
-22 - ((17 - 65) + 16)
10
What is the value of 0 + 17 - (22 - 14)?
9
-7 + -5 - (-9 + (0 - (0 + -1)))
-4
Calculate -36 + 76 - (71 + -3).
-28
What is the value of -31 - ((-15 - 21) + 10)?
-5
Calculate 1 - (-9 + (4 - -3) - -6).
-3
What is the value of -16 + -3 - (40 + -65)?
6
21 - (-27 + 16) - 19
13
Evaluate (-2 - 0) + 7 + 0 + -8.
-3
What is -8 + 6 + (5 + -2 - 3) - -3?
1
Evaluate 17 + (27 - (57 - 16)).
3
Calculate -14 + (-1 + 18 - 3) + -10.
-10
-58 - -4 - (-137 + 108)
-25
Calculate -16 - (-45 + 15 + 19).
-5
Evaluate 27 - (13 - (7 + -7 + 12)).
26
What is -17 - (-19 + (4 - -24))?
-26
Calculate (-8 - (1 - 3)) + -18 + 3 + 7.
-14
-4 + -3 + -7 - -4
-10
What is the value of 24 + (-5 - (-37 + 31 - (3 - -2)))?
30
(12 - 20) + (-4 - -9 - 7)
-10
14 - (-10 + (7 - 5) + 9)
13
What is the value of -42 + 35 - (3 - -7 - 5)?
-12
What is (3 + 0 - (-10 - 0)) + (-21 - -20)?
12
What is the value of 8 + 8 + -4 + (-6 - -4)?
10
Evaluate 0 + -1 + -4 - ((-65 - -26) + 41).
-7
Calculate 16 - (25 - -15 - 11).
-13
What is -10 + ((11 - 0) + -13 - (6 - 3))?
-15
What is the value of 234 + -223 + 0 + -12?
-1
(-15 + 13 - (-1 + 0)) + -4 - 2
-7
-4 + (10 - 10) + -4
-8
What is 15 + -29 - (-30 + 26 + (8 - 0))?
-18
Calculate (0 - -2) + (46 - 78 - -42).
12
Calculate (-10 - ((-2 - 6) + -5)) + -4.
-1
What is 12 + 7 + (-5 - (-7 + 3))?
18
What is the value of 1 + (-4 - -13) + 42 - 15?
37
-57 - -66 - (3 + 0)
6
-25 - (19 + -11 + (7 - 28))
-12
Calculate -2 - (-9 + 10 + 1) - (0 + -2).
-2
What is 12 - (16 + 1 + 8)?
-13
Calculate (-4 - 5 - 5) + 3 + -6.
-17
Calculate 4 + 2 - (0 + 13).
-7
-42 + (10 - 5) + 16
-21
(14 - -21) + -93 + 29
-29
-5 + 0 + (-16 + (13 - 9) - -21)
4
What is -8 + -18 + 1 + 20?
-5
Evaluate (-22 - -11) + (-9 - -17) + (-1 - 5).
-9
Evaluate 71 + -14 + (9 - 44).
22
Calculate 0 + -7 + (-8 - (13 + -17)) + 7.
-4
What is (6 - 6) + -15 + -1 + -16?
-32
Evaluate 6 + 5 + 8 + -19 + 4 - 8.
-4
What is the value of -15 + -3 - (-11 + 2) - (2 - -7)?
-18
What is the value of 5 + -11 - (-64 - -69)?
-11
Evaluate (28 - 12) + -18 - 12 - (1 - 5).
-10
Evaluate 11 - (-10 - -43 - (-7 - -1)).
-28
Evaluate (-44 + 47 - (-4 + 0)) + (3 - 21).
-11
27 + (-12 + -2 + 12 + -4 - 0)
21
304 - 310 - ((-7 - -1) + -2)
2
What is 5 + 1 + (-14 - -9)?
1
(-15 + 6 + 2 - 8) + 5
-10
What is 15 + (-20 + 18 - 11)?
2
Calculate 2 - (5 + 20 + -9).
-14
Calculate 82 + -33 + 14 + -30.
33
What is 1 + -2 - (-38 + 8 + 13 - -12)?
4
Evaluate -23 + 7 + 14 - 20.
-22
Calculate (6 - (38 - 8 - 5)) + 5.
-14
Evaluate (23 - 4) + (-1 - 10) + 9 - -6.
23
What is (-1 - 9) + (73 - 53)?
10
-2 + 6 + 3 + (-3 - 2) + -4
-2
Calculate -14 - -1 - -14 - 13.
-12
Evaluate -23 + 4 + 32 - 13.
0
Calculate 12 + -18 - (-4 - -1) - 3.
-6
What is the value of -9 - 13 - 7 - -8?
-21
What is (2 - (-15 - -18)) + (7 - 1)?
5
Evaluate (-2 - (0 + 1)) + (-11 - 8).
-22
What is 19 + 1 + -1 - (-22 + 33 + -4)?
12
What is the value of -16 + (-20 - (-7 - 16))?
-13
Calculate 24 + 2 + -1 + (11 - 5 - 10).
21
What is -8 + 7 + (3 + -8 - -3)?
-3
What is -7 + (4 - 9 - 18) + -11 + 0?
-41
What is the value of -32 - (-22 + 6) - -15?
-1
Evaluate 10 - (-13 + (39 - 32)).
16
9 - (-17 + (12 - (13 - 2)))
25
Calculate (192 - 157) + (8 - 36).
7
What is the value of 3 - ((-5 - -5) + 41 + -16)?
-22
Calculate 7 + (-17 - -6) - (-3 - 6).
5
-4 + -3 - (-5 + (-26 - -4))
20
What is the value of 486 - 489 - (-1 + 0)?
-2
Calculate 18 + (-1 + -11 - -13).
19
Calculate 3 - -1 - (10 - 24 - -15 - -2).
1
Evaluate -2 + -4 + 2 - (10 - 31).
17
Calculate -13 + (-6 - -24) + 1.
6
Calculate -6 + (16 - (-3 - (-9 + 5))).
9
Evaluate -14 + (-3 - ((0 - 3) + -2)).
-12
Calculate (-20 - 1) + (8 + -1 - (31 - 30)).
-15
-15 - (-54 + 44) - 8
-13
Calculate 16 + (-22 - (-19 + 25)).
-12
What is (-11 - 11) + 0 + 4 - -33?
15
Evaluate 18 + -15 + 9 - 5.
7
Calculate 12 + -3 + 1 - (341 + -356).
25
What is the value of 8 + -11 + 10 - (19 + 2)?
-14
Evaluate 13 - (0 + 12 + -3).
4
Calculate -3 + 196 + -183 + 8 + 1.
19
What is -12 - (-1 - -11 - 10) - 7?
-19
What is the value of (-7 - -15) + 4 + (7 - (9 - -1))?
9
-34 + 2 + (26 - 19)
-25
What is -1 + -10 - (-967 + 940)?
16
What is the value of (1 - (-2 - 0 - 2)) + (342 - 343)?
4
What is 15 + 2 + 0 + -14 + 2 + -35?
-30
What is -13 + 33 + -45 - -16?
-9
What is 17 - (2 - -4) - 10?
1
What is the value of 3 + (12 + -41 - -14) + (1 - 1)?
-12
Calculate -7 + 6 - (9 + (-11 - 0)).
1
0 + -1 - (-250 - -237)
12
Evaluate -2 + -10 + (39 + -13 - 21).
-7
14 + (6 - 26 - -28)
22
Evaluate -19 + 29 + -11 - (0 - 7).
6
Evaluate (1 - 1) + -48 + 40 - (-3 - -1).
-6
What is the value of 1 + 3 + -25 - -4?
-17
What is the value of -6 - (-7 + -2) - (14 + 2)?
-13
What is (12 - -14) + (7 - 1 - 22 - -5)?
15
Evaluate -6 - (-9 - (3 + 4)).
10
Calculate -1606 + 1623 + (-34 - 1).
-18
What is the value of 5 + -6 - (7 + (1 - 2) + -3)?
-4
What is 9 - (7 + -20 + 2 + 4) - 12?
4
Calculate 7 + (10 - -11 - 12).
16
Evaluate (-1 - -12) + (76 - 84) - (2 - -5).
-4
Calculate -6 - (-6 - -5 - 6) - (16 - 4).
-11
What is 7 - (11 - ((8 - (-1 + -5)) + -5))?
5
13 + (5 - 14) + 8 + -10
2
What is 1 + -4 + (-3 + 17 - 14) - -8?
5
Calculate (-9 + 12 - -11) + -16.
-2
Evaluate (5 - (5 + -4)) + (5 + 3 - 3).
9
-7 + (7 - -3 - (15 - 12 - 6))
6
Evaluate (-12 - -4) + (1 - (10 + -20)) + -28.
-25
Calculate (32 - (-18 - -32)) + -16.
2
What is (20 - 9 - 16) + -5?
-10
Calculate (6 - 12) + (3 + -1 - -3 - -21).
20
1 + -1 - -16 - (-47 + -9 + 53)
19
What is the value of -5 + 6 + (-17 - -22) + -2?
4
Calculate 2 + (24 - 13 - 6).
7
What is -27 - (12 - 27) - -14?
2
Calculate ((-5 - -3) + 13 - 7) + 3 - 1.
6
10 - (14 + -13 + 4 + 3)
2
What is the value of -1 + -2 + 4 + -6 + (1 - -15)?
11
Evaluate 8 + -15 - -20 - 6.
7
Evaluate 14 - 15 - (52 + -55).
2
Evaluate 9 + (16 - 7) + (-1 - 4).
13
Evaluate -1 + 6 + -3 - ((12 - 5) + 10).
-15
What is the value of (-34 + 64 - 37) + (-20 - -2)?
-25
What is the value of 9 - (-63 + 72) - (-1 - 9)?
10
What is the value of -9 - 3 - (-8 + 2)?
-6
Evaluate -21 + 23 + 2 + -1 + -7 + -2.
-6
What is 16 - (26 + (32 - 13))?
-29
(8 - (20 - 9) - -16) + 2 + -3
12
Calculate -14 - (-15 + 10 - (-4 + 3)).
-10
5 + (2 - 1) + (-717 - -716) + 7
12
-14 + 8 + -4 + 8
-2
What is the value of 10 - (16 + -13 - -3) - (-1 + 4)?
1
Calculate 0 - -4 - ((-15 - -1) + (-320 - -329)).
9
What is (1 - -18) + (-104 - -103)?
18
What is the value of -19 - (-27 + -20 - -1)?
27
What is the value of 8 - -19 - 13 - 14?
0
What is -14 + 10 - (7 - -2)?
-13
Calculate (-22 - -26) + -25 - -28.
7
What is 51 + -33 + -2 + -17?
-1
What is 0 - (3 + -7 - -5 - (-4 - 0))?
-5
What is the value of 17 - ((4 - 2) + 6 - (1 + 2))?
12
Evaluate -27 + (0 - 4) - -1 - (104 - 112).
-22
-2 + 9 + -7 - 22
-22
(-29 - 0) + (-365 - -405)
11
1 - 6 - (-1 - 1) - (-893 + 867)
23
What is the value of 8 + -2 - (8 - (27 - 42) - 15)?
-2
(-5 - (5 - ((4 - 1) + 5))) + -9
-11
What is the value of 79 - (66 + (-37 - -17))?
33
What is the value of -7 + 17 + -7 - (5 + 6 - 15)?
7
What is the value of 13 - (-26 + 44) - (1 - (-10 + 3))?
-13
Calculate 7 + 6 + (-26 + 12 - -2).
1
What is the value of (-18 - -11) + -1 - (-3 + -2)?
-3
Calculate 7 + (3 - 3) + (0 - -1).
8
Calculate 16 - (7 + -2 + (3 + -1 - 3)).
12
Calculate -3 + (11 - (-4 + 4 + 3)) - -8.
13
Calculate -8 + 18 + (-3 - 11 - -15).
11
Calculate -7 + 0 + -1 + (-41 - (98 + -122)).
-25
-10 + 3 + (-9 - 47) + 72
9
Evaluate (-5 - 2) + (6 + (7 - 12) - -10).
4
2 + -3 + (-1 - -2) + 15 + -17
-2
What is the value of -83 + 101 - (-1 - -13)?
6
68 - (-18 + 95) - (3 + (-2 - 0))
-10
Calculate -3 + (0 - 3) + 1 - (121 + -125).
-1
(-2 - -7) + (-13 + 1 + -10 - -11)
-6
What is the value of (0 - 20) + 74 + -66 + 2?
-10
-45 + (45 - 20) + 8
-12
Calculate (-7 - 2) + 2 + (16 + -23 - -16).
2
Evaluate (-